pose -4*m + 5*a - 23 = 0, -3*a - 2*a = m - 13. List the prime factors of (-20)/(-30)*(-1)/(m/162).
2, 3
Let j(s) = s**2 - 4*s + 2. Let w be j(4). Let q = 15 - w. Suppose 2*u = -6, q = m - 6*u + 4*u. What are the prime factors of m?
7
Let a(k) = k**3 - 6*k**2 + 3*k + 5. Let h be a(4). Let u be (6/h)/(1/(-55)). Suppose 5*i - 9 = -4*x + 2*x, -3*x + u = -i. What are the prime factors of x?
7
Let n(c) = -4*c**3 - 17*c**2 + 8*c - 30. What are the prime factors of n(-9)?
3, 479
Suppose 3*k = 4*d + 2*k - 30, 32 = 3*d + 4*k. Let m(h) = -h + 2. Let i be m(d). List the prime factors of 123/9 + (-2)/i.
2, 7
What are the prime factors of (28 + -24)*3742/8?
1871
What are the prime factors of 168/(-36)*(-333)/6?
7, 37
Suppose -6*v + 3*r + 65 = -v, -2*r - 39 = -3*v. Let n = 33 - v. Suppose 2*g - n = -0*g. What are the prime factors of g?
2, 5
Let l(x) = 1449*x**2 - 3*x - 2. Let t be l(-2). Let h be 28/(-126) + t/18. Suppose -6*g + h = g. List the prime factors of g.
2, 23
Let l = -23 - -25. Let s(f) = 25*f + 1. What are the prime factors of s(l)?
3, 17
What are the prime factors of 1043874/351 - 1*4/(-2)?
2, 3, 31
Let k = -64 + 67. Let q(t) = 9*t**3 + 3*t**2 + 3*t - 6. List the prime factors of q(k).
3, 7, 13
Suppose -1064 = -8*y + 5456. What are the prime factors of y?
5, 163
Suppose 2*r + 86 = -4*z - 24, 6 = 2*z. Let i = r + 114. List the prime factors of i.
53
Let b = 5096 + -2085. List the prime factors of b.
3011
Let s = -833 - -1161. What are the prime factors of s?
2, 41
Suppose -830 = -11*c + 30751. List the prime factors of c.
3, 11, 29
Let k be -3 + 267 + 0/(-3) + 2. Let l = k + -187. List the prime factors of l.
79
Let u(k) = 12*k**2 + 4*k - 4. Suppose 7 = 2*t + 5. List the prime factors of u(t).
2, 3
Let m be 6/(9/((-9)/(-2))). Suppose 8*c - 100 = m*c. Suppose -5*h - c = -75. What are the prime factors of h?
11
Let u = -12 + 15. Suppose -5*m + 55 = -5*y, 2*m + 7 = 3*m + u*y. List the prime factors of m.
2, 5
Let x(g) = -g**2 + g - 2. Let m be x(0). Let i be (33/(-6) - -2)*m. Suppose i = z + 4*w, 8*w - 3*w = -3*z + 28. What are the prime factors of z?
11
Suppose 114 = -8*h + 2*h. Suppose -5*y = -143 - 102. Let b = y + h. What are the prime factors of b?
2, 3, 5
Let j(i) = -2*i**3 - 2*i**2 - 3*i - 2. Suppose -4*k = -3*s - 54, -s - 17 = -5*k + 4*k. Let y = s - -11. List the prime factors of j(y).
43
Let h be ((-30)/4)/((-1)/(-2)). Let w be 0 - (2 + 12 + -2). Let b = w - h. List the prime factors of b.
3
Suppose 4*w = 441 + 375. List the prime factors of w.
2, 3, 17
Suppose 832 + 720 = 4*q. List the prime factors of q.
2, 97
Let i be ((-2)/4)/(2/8). Let d(u) = u**3 - 19*u + 8*u + 7*u - 3 - 6*u**3. What are the prime factors of d(i)?
3, 5
Suppose 2*b + 3*j = 403, -4*j + 3*j + 1 = 0. Suppose -24 = 4*s - b. Suppose 5*i - s = 3*i + 4*v, -170 = -5*i - 2*v. List the prime factors of i.
2
Suppose 2*x = 5*y - 15, -7*y + 5*x = -2*y - 15. Suppose -4*z + y*a = -216, z + 224 = 5*z - 5*a. List the prime factors of z.
3, 17
Let y = -19 - -27. Let x be y/(-12)*18/4. Let f(t) = 2*t**2 + 2*t - 2. List the prime factors of f(x).
2, 5
What are the prime factors of (1074/(-15))/(40/(-800))?
2, 179
Let c(b) = b + 1. Let h(d) be the first derivative of -d**4/4 + 2*d**3 + 5*d**2 - 3*d - 2. Let l(j) = 4*c(j) - h(j). What are the prime factors of l(7)?
2, 7
Let q(a) = a - 3. Let m be q(5). Let h(y) = 2*y. Let c(o) = 16*o - 1. Let z(w) = 5*c(w) - 30*h(w). List the prime factors of z(m).
5, 7
Let h(x) = 494*x + 4. Let s be h(2). Suppose -11*w + s = -1054. What are the prime factors of w?
2, 3, 31
Let u(r) = 2*r**3 - 6*r**2 + 4*r - 33. Let n(s) = 3*s**3 - 8*s**2 + 5*s - 34. Let j(w) = 3*n(w) - 4*u(w). Let d = -4 - -4. List the prime factors of j(d).
2, 3, 5
Let c(d) = 32*d**2 - 4*d - 21. List the prime factors of c(-7).
3, 5, 7
Suppose 5*r - 2*p = 158, 2*r = -3*r + 3*p + 162. Suppose -14 = -f - 5*k, -r + 76 = 2*f + k. List the prime factors of f.
2, 3
Let f(p) = p**3 - 6*p**2 - 4*p - 9. Let s be f(7). Let l be 44/(-6)*(-6 - -3). Let q = l + s. List the prime factors of q.
2, 17
Suppose 3*f - 5*z - 84 = -f, 3*f - 3*z = 60. Suppose -3*h + f = 4. What are the prime factors of (3 - h) + 48/1?
47
Let s = 1870 + -813. List the prime factors of s.
7, 151
Let b(l) = -l**3 - l**2 + 33*l + 13. Let h(x) = -2*x**3 - 2*x**2 + 50*x + 19. Let j(f) = -8*b(f) + 5*h(f). List the prime factors of j(-5).
3, 29
Let h = 1487 - 719. Suppose h = -12*k + 16*k. List the prime factors of k.
2, 3
List the prime factors of -2 + 258*(-12)/(-9).
2, 3, 19
Suppose -3*a = 2*a + 255. Let d = 20 - a. Suppose 4*b = d - 15. What are the prime factors of b?
2, 7
Suppose -2*z - 298 = -1358. List the prime factors of z.
2, 5, 53
Suppose b = -4*i + 5*i, 3*b + 2*i - 20 = 0. Suppose 5*l + 2 + 5 = 3*q, -l + b = 0. What are the prime factors of q?
3
Let w be 0 + 3 - (2 - 5). Let i(x) = 8*x - 1. Let f(u) = -15*u + 3. Let l(o) = w*f(o) + 11*i(o). What are the prime factors of l(-3)?
13
Let a = -7673 - -12057. List the prime factors of a.
2, 137
Let g(k) = 2*k**3 - 12*k**2 - 14*k + 42. What are the prime factors of g(10)?
2, 3, 13
Suppose 0 = 3*t + 2*p + 13, 3*p + 0*p + 16 = -t. Let y be (-8)/(t + 1/3). Suppose -3*c + 5*c = y. List the prime factors of c.
2, 3
Suppose -4*r + 2*r = -6. Suppose y + 0*y - 5 = 0, -183 = 4*s - r*y. Let a = -21 - s. What are the prime factors of a?
3, 7
Let j be (1 - -3 - -142)*-3. Let v = -199 - j. What are the prime factors of v?
239
Suppose 3*r + r + 64 = 0. Let p(i) = 2*i**2 + 31*i - 28. Let o(y) = y**2 + 15*y - 15. Let f(j) = 5*o(j) - 3*p(j). List the prime factors of f(r).
41
Let c = 785 - 420. List the prime factors of c.
5, 73
Suppose o - a - 923 = 0, 39*o + 5*a = 38*o + 953. What are the prime factors of o?
2, 29
Let v be (-6 + 8)/(4/(-14)). Let o(u) = -u**3 - 8*u**2 + u - 10. Let n be o(v). Let m = n - -93. What are the prime factors of m?
3
Let g be ((-15)/(-12))/(9/72). List the prime factors of g/(-3)*(-2 + -85).
2, 5, 29
Suppose -8*i = -7*i - 5. Let g(r) = -7*r - 6. Let n be g(i). Let u = -9 - n. List the prime factors of u.
2
Let z(w) = -2*w**3 + 36*w**2 - 15*w - 51. List the prime factors of z(15).
2, 3, 179
Let f(x) = 12*x + 159. What are the prime factors of f(26)?
3, 157
Let w = -20 - -24. Suppose 2*t = -4*i - t + 70, -w*i + 74 = t. Suppose 0 = 17*p - i*p + 78. List the prime factors of p.
3, 13
Let k be (-3 + 5)*(-66)/(-12). Suppose -f + k*f = 930. List the prime factors of f.
3, 31
Let t(a) = a**3 + 7*a**2 - 12. Let j be t(-6). Suppose 0*h = -h + j. What are the prime factors of h?
2, 3
Let f(d) = -d**3 + 4*d**2 - d + 34. Let s be f(5). Suppose -4*g + 970 = 2*w, s*g - 2*w - 965 = w. List the prime factors of g.
2, 11
Suppose 4*d - m = 33, 2*d + 4*m + 10 = 4. Suppose 16 + 19 = d*r. List the prime factors of r.
5
Let x(r) = 3*r**2 + 4*r + r - 9*r + 7 + 5*r. What are the prime factors of x(3)?
37
Let u(c) = 221*c - 525. What are the prime factors of u(23)?
2, 43, 53
Let o = 6 + -7. Let k be -5 + 2 + o - -3. Let a = 6 - k. List the prime factors of a.
7
Let b(x) = -2*x**2 + 6*x - 9. Let s(p) = p**2 + 1. Let j(a) = b(a) + 3*s(a). Suppose -4*l - 8 = -t, 4*t - 3*l = -13 - 7. List the prime factors of j(t).
2, 5
Let n be (-7)/35 + 252/(-15). Let r = n - -22. What are the prime factors of r?
5
Let s = 1043 - 909. List the prime factors of s.
2, 67
Suppose 2 = -2*t + 4*r - 8, -r = -2*t - 22. Let y = -9 - t. Suppose x = -y*v - 2 + 11, -14 = -3*x + v. What are the prime factors of x?
5
Let l(n) = -18*n**3 - 2*n - 1 + 6*n**3 - 8*n**3. Let s be 4/18 + (-121)/99. What are the prime factors of l(s)?
3, 7
Let s = 5 + -3. Suppose 0 = -b - 0*b - n + s, 0 = b + 2*n. Suppose 5*r - 3*a = 106, -2*r = 5*a - b*a - 49. What are the prime factors of r?
23
Let n = -31 - -28. List the prime factors of (432/(-64))/(n/40).
2, 3, 5
Let i(u) = -3*u + 21. Let f be i(11). Let o = f - -215. What are the prime factors of o?
7, 29
Suppose -3*o - 7*o + 10 = 0. Let a = -3 - -5. Suppose y = o, -2*u + 3*y + 37 = a*u. What are the prime factors of u?
2, 5
List the prime factors of ((2632/(-5))/7)/(2/(-10)).
2, 47
Suppose 6*k + 2442 - 10866 = 0. Suppose 0 = -7*w + k + 948. What are the prime factors of w?
2, 3, 7
Let d(f) = 154*f**2 + f - 30. What are the prime factors of d(5)?
3, 5, 17
Let n(k) = -17*k - 5. Let f = 